 101?
101
What are the prime factors of 51549?
3, 17183
What are the prime factors of 70241?
70241
List the prime factors of 17153.
17, 1009
List the prime factors of 2041.
13, 157
List the prime factors of 11328.
2, 3, 59
List the prime factors of 1429.
1429
What are the prime factors of 14000?
2, 5, 7
List the prime factors of 1355.
5, 271
List the prime factors of 172182.
2, 3, 28697
List the prime factors of 2092.
2, 523
List the prime factors of 3315.
3, 5, 13, 17
List the prime factors of 3244.
2, 811
List the prime factors of 65007.
3, 31, 233
List the prime factors of 7676.
2, 19, 101
What are the prime factors of 81345?
3, 5, 11, 17, 29
What are the prime factors of 14407?
14407
List the prime factors of 5003.
5003
What are the prime factors of 5747?
7, 821
List the prime factors of 51257.
51257
List the prime factors of 98903.
7, 71, 199
What are the prime factors of 1631?
7, 233
What are the prime factors of 3308?
2, 827
List the prime factors of 18848.
2, 19, 31
List the prime factors of 75121.
43, 1747
What are the prime factors of 4516?
2, 1129
What are the prime factors of 172?
2, 43
What are the prime factors of 8506?
2, 4253
List the prime factors of 3710.
2, 5, 7, 53
List the prime factors of 322.
2, 7, 23
List the prime factors of 7880.
2, 5, 197
List the prime factors of 516.
2, 3, 43
List the prime factors of 1379.
7, 197
What are the prime factors of 22724?
2, 13, 19, 23
List the prime factors of 84039.
3, 109, 257
What are the prime factors of 83920?
2, 5, 1049
List the prime factors of 3721.
61
What are the prime factors of 6592?
2, 103
List the prime factors of 102227.
151, 677
What are the prime factors of 4388?
2, 1097
List the prime factors of 2466.
2, 3, 137
What are the prime factors of 103?
103
List the prime factors of 765.
3, 5, 17
List the prime factors of 5137.
11, 467
What are the prime factors of 22141?
7, 3163
What are the prime factors of 17007?
3, 5669
What are the prime factors of 263?
263
What are the prime factors of 33158?
2, 59, 281
List the prime factors of 2547.
3, 283
List the prime factors of 619.
619
What are the prime factors of 101?
101
What are the prime factors of 17830?
2, 5, 1783
What are the prime factors of 214?
2, 107
What are the prime factors of 32512?
2, 127
What are the prime factors of 20420?
2, 5, 1021
What are the prime factors of 80817?
3, 11, 31, 79
What are the prime factors of 87493?
7, 29, 431
What are the prime factors of 17775?
3, 5, 79
List the prime factors of 2799.
3, 311
What are the prime factors of 17628?
2, 3, 13, 113
What are the prime factors of 4228?
2, 7, 151
List the prime factors of 108270.
2, 3, 5, 401
List the prime factors of 1318.
2, 659
List the prime factors of 305.
5, 61
What are the prime factors of 12423?
3, 41, 101
What are the prime factors of 156?
2, 3, 13
What are the prime factors of 55821?
3, 23, 809
List the prime factors of 7531.
17, 443
What are the prime factors of 2606?
2, 1303
List the prime factors of 4014.
2, 3, 223
What are the prime factors of 618?
2, 3, 103
What are the prime factors of 880?
2, 5, 11
What are the prime factors of 249?
3, 83
What are the prime factors of 72706?
2, 36353
What are the prime factors of 65905?
5, 7, 269
What are the prime factors of 15387?
3, 23, 223
List the prime factors of 2181.
3, 727
What are the prime factors of 1959?
3, 653
List the prime factors of 95449.
31, 3079
What are the prime factors of 494?
2, 13, 19
List the prime factors of 889.
7, 127
What are the prime factors of 818?
2, 409
What are the prime factors of 5406?
2, 3, 17, 53
What are the prime factors of 5837?
13, 449
What are the prime factors of 78652?
2, 7, 53
What are the prime factors of 45791?
29, 1579
List the prime factors of 4934.
2, 2467
What are the prime factors of 1042?
2, 521
List the prime factors of 446.
2, 223
List the prime factors of 260.
2, 5, 13
What are the prime factors of 126008?
2, 19, 829
What are the prime factors of 929?
929
List the prime factors of 4284.
2, 3, 7, 17
List the prime factors of 938.
2, 7, 67
List the prime factors of 1132.
2, 283
What are the prime factors of 2117?
29, 73
List the prime factors of 225.
3, 5
List the prime factors of 26653.
11, 2423
List the prime factors of 25862.
2, 67, 193
List the prime factors of 4321.
29, 149
List the prime factors of 12939.
3, 19, 227
List the prime factors of 6452.
2, 1613
List the prime factors of 9390.
2, 3, 5, 313
What are the prime factors of 659?
659
What are the prime factors of 39925?
5, 1597
List the prime factors of 4227.
3, 1409
What are the prime factors of 10309?
13, 61
List the prime factors of 67.
67
What are the prime factors of 1025?
5, 41
List the prime factors of 108929.
108929
List the prime factors of 145561.
13, 11197
List the prime factors of 10432.
2, 163
List the prime factors of 226.
2, 113
What are the prime factors of 1193?
1193
What are the prime factors of 59998?
2, 131, 229
What are the prime factors of 16893?
3, 1877
What are the prime factors of 2083?
2083
List the prime factors of 9624.
2, 3, 401
List the prime factors of 4276.
2, 1069
What are the prime factors of 351?
3, 13
List the prime factors of 65.
5, 13
What are the prime factors of 20846?
2, 7, 1489
List the prime factors of 1309.
7, 11, 17
List the prime factors of 79184.
2, 7, 101
List the prime factors of 34441.
11, 31, 101
What are the prime factors of 23388?
2, 3, 1949
List the prime factors of 3599.
59, 61
List the prime factors of 993.
3, 331
List the prime factors of 15306.
2, 3, 2551
List the prime factors of 307.
307
List the prime factors of 70.
2, 5, 7
What are the prime factors of 10770?
2, 3, 5, 359
List the prime factors of 3030.
2, 3, 5, 101
List the prime factors of 1254.
2, 3, 11, 19
What are the prime factors of 140953?
47, 2999
List the prime factors of 404.
2, 101
What are the prime factors of 1003?
17, 59
List the prime factors of 85.
5, 17
What are the prime factors of 15882?
2, 3, 2647
What are the prime factors of 2485?
5, 7, 71
What are the prime factors of 8760?
2, 3, 5, 73
List the prime factors of 6325.
5, 11, 23
List the prime factors of 10310.
2, 5, 1031
What are the prime factors of 6749?
17, 397
List the prime factors of 43513.
53, 821
What are the prime factors of 2349?
3, 29
List the prime factors of 87588.
2, 3, 811
What are the prime factors of 6331?
13, 487
List the prime factors of 26466.
2, 3, 11, 401
What are the prime factors of 78478?
2, 39239
List the prime factors of 21858.
2, 3, 3643
What are the prime factors of 1653?
3, 19, 29
What are the prime factors of 18987?
3, 6329
List the prime factors of 499.
499
List the prime factors of 993.
3, 331
What are the prime factors of 1031?
1031
List the prime factors of 8667.
3, 107
List the prime factors of 4069.
13, 313
What are the prime factors of 515?
5, 103
List the prime factors of 11341.
11, 1031
What are the prime factors of 1450?
2, 5, 29
List the prime factors of 13426.
2, 7, 137
List the prime factors of 166173.
3, 7, 41, 193
What are the prime factors of 12986?
2, 43, 151
List the prime factors of 5065.
5, 1013
What are the prime factors of 806?
2, 13, 31
List the prime factors of 11553.
3, 3851
List the prime factors of 513.
3, 19
What are the prime factors of 139003?
229, 607
What are the prime factors of 57354?
2, 3, 11, 79
What are the prime factors of 840?
2, 3, 5, 7
List the prime factors of 1699.
1699
What are the prime factors of 1360?
2, 5, 17
List the prime factors of 42023.
42023
What are the prime factors of 7752?
2, 3, 17, 19
What are the prime factors of 2693?
2693
What are the prime factors of 635?
5, 127
List the prime factors of 52618.
2, 26309
List the prime factors of 4947.
3, 17, 97
What are the prime factors of 1376?
2, 43
What are the prime factors of 173968?
2, 83, 131
What are the prime factors of 27?
3
What are the prime factors of 1828?
2, 457
What are the prime factors of 1979?
1979
What are the prime factors of 13875?
3, 5, 37
What are the prime factors of 24737?
29, 853
List the prime factors of 4215.
3, 5, 281
List the prime factors of 1379.
7, 197
List the prime factors of 14873.
107, 139
List the prime factors of 671.
11, 61
List the prime factors of 2993.
41, 73
List the prime factors of 22168.
2, 17, 163
List the prime factors